Let x = -16 + 19. Let i be ((x - 4) + 4)/1. Suppose -i*p + 1143 = 6. Is p composite?
False
Let i = 207 - 205. Suppose i*s - l = 1567, -4*s - 4*l - 3913 = -9*s. Is s a composite number?
True
Suppose -11*h + 13 - 145 = 0. Is 5561 - 0*(-1 - 6/h) a composite number?
True
Suppose 4*x - 2*o = -0*o - 2, -3*x - 5*o = -18. Is x/2*(27 - -19715) composite?
False
Suppose -13*r - 30*r + 52632 = -361329. Is r composite?
True
Suppose -17 = 3*c + 133. Let z be (-26)/(-10) - 20/c. Suppose -4*w - z*l = -253, 3*w - l - 196 = -2*l. Is w prime?
True
Let q = 23 - 38. Let f be (10/75*3)/(1/q). Is 69428/119 - f/(-14) a prime number?
False
Suppose l - t = -l + 103637, -51808 = -l - 3*t. Is l composite?
False
Let y(b) = -182*b + 25. Let x = -66 + 60. Let w be y(x). Suppose 2*g - w - 249 = 0. Is g composite?
False
Suppose 41*c - 1050 = 16*c. Suppose 0 = 5*n - 39*g + c*g - 150235, 30047 = n + 5*g. Is n a prime number?
True
Let p(g) = 6876*g**2 - 650*g + 2601. Is p(4) composite?
False
Suppose -14*c + 192 = 2*c. Suppose -c*m + 18 + 36858 = 0. Is m prime?
False
Let w(p) = -12019*p - 1057. Is w(-182) a composite number?
True
Let h(t) = 7*t**3 - 5*t**2 + 4*t - 1. Let n(s) = 8*s**2 - 14*s + 13. Let y be n(1). Is h(y) a composite number?
True
Let s(t) = -29*t - 118*t**2 + 12 - 49 + 129*t**2. Is s(-24) a composite number?
True
Let n be 666/(-30)*1335/(-3). Suppose 0 = -3*f + 6*f - n. Is f composite?
True
Suppose 0 = 2*s + 2*s - 479407 - 30501. Is s a prime number?
False
Suppose 0 = -j + 16 - 40. Is (-2)/4 - (-36)/j - -421 composite?
False
Suppose 0 = 10*p - 50, -117060 = -g + 5*p - 44472. Is g prime?
True
Is ((-36)/9)/2 + (-4)/(4/(-77319)) a prime number?
True
Suppose -4*j + 4*g = 5*g - 100493, 3*g = -5*j + 125611. Let v = j - 12363. Is v a prime number?
False
Let w(z) = -z**2 + 1. Let r(a) = 23*a**2 - a + 12. Let m(t) = r(t) - 3*w(t). Suppose 3*k - 12 = 0, 4*q + 4*k + 42 - 34 = 0. Is m(q) prime?
False
Suppose -m + 9 = 4*v - 2*v, 2*v = 3*m - 11. Suppose 3*k + m*h - 1996 = 0, k = -h + 571 + 95. Is k prime?
False
Is (9792459/16530 + 2/(-19))*10 composite?
False
Suppose 3*a + 719 = -889. Is 33*(-1 + a/(-12)) composite?
True
Let h be (-55)/(-11) - (11 + -3 + -3). Let t(a) = -13*a + 7169. Is t(h) a prime number?
False
Let g = -822 - -834. Suppose -10*s + 2596 = g*s. Is s prime?
False
Let o be (-11)/11 + (-1)/3*-3. Suppose 7*m - 4 = -2*x + 3*m, o = 2*x - 4*m - 20. Let z(f) = 336*f + 11. Is z(x) prime?
True
Let o(a) = -a**2 + 9*a + 5. Let n be o(10). Let l be ((-11)/2 + n)*4/2. Is 11838/(-4)*14/l a prime number?
True
Suppose -f = -2*g - 40331, -g + 253033 = 5*f + 51367. Is f prime?
False
Let t = 752395 - 271592. Is t a prime number?
True
Suppose 4*s - 4*a - 339304 = 0, 4*s - 46*a - 339305 = -43*a. Is s prime?
True
Let u = -46396 - -107495. Is u prime?
True
Let i = -115 + 125. Let x(d) = 6*d**2 + 9*d + 6. Let r be x(i). Let j = r + 521. Is j composite?
False
Let h = 446911 + -230420. Is h composite?
True
Suppose -3*a - a - 229443 = -5*r, -9*r + 3*a + 412989 = 0. Is r a composite number?
False
Suppose 28920 = 5*k + 26*a - 31*a, a - 28890 = -5*k. Is k a prime number?
True
Suppose 56638887 = 41*o + 11495960. Is o a composite number?
True
Let x(j) = j**2 - 18*j + 55. Let k be x(15). Suppose -k*i + 18284 = 3514. Is i a composite number?
True
Let g(m) = 489*m**2 - 970*m**2 + 9 - 23*m + 485*m**2 + 2*m**3. Is g(10) prime?
True
Suppose -5*v + 6 = 1, b + 5*v - 9 = 0. Suppose 5439 = 3*f - b*q - 3021, 2827 = f + q. Suppose -4*r = -5*p - f, -4*p + 363 = 2*r - 1023. Is r a composite number?
False
Let b(f) = -f**2 + 25*f - 44. Let a be 2 + (26 - 20/4). Let o be b(a). Is o/(-1) - (-6)/(6/4147) a composite number?
True
Suppose z - 4*s - 22 = 0, 5*z = 6*z + 5*s + 5. Suppose -z*g - 6 = -12*g. Suppose 7*h + 2*u - 1054 = g*h, 1066 = 4*h - 2*u. Is h a prime number?
False
Let c be -2 - (-6)/(-6) - (-2 + -51). Suppose c*b - 53*b - 6 = 0. Let p(i) = -106*i**3 + 4*i**2 + 6*i - 1. Is p(b) prime?
False
Suppose 16 = -2*h + 8, 3160 = 8*o - 4*h. Is o composite?
True
Let z = -16004 + 9795. Let m = -2568 - z. Is m prime?
False
Let r = 7450 + 29789. Is r composite?
True
Let m(y) = 25858*y**2 - 376*y + 39. Is m(8) composite?
False
Let j be (-309582)/(-65) + (-2)/(-10). Suppose 2177 = 4*h - j. Suppose -h = -47*f + 42*f. Is f composite?
False
Let q = -663 - -662. Is 5 + q + 27/(-3) - -15556 composite?
False
Let f(o) = -9591*o - 1381. Is f(-22) composite?
False
Suppose 0 = -t - 1, -2*y - 527112 = -7*y - 3*t. Is y composite?
True
Let l be 31/(-62) - 45782/(-4). Let f = 22472 + l. Is f prime?
False
Let p be ((-3)/21)/((-13)/1145599). Let t = -6966 + p. Is t a composite number?
False
Let m = -734 - -734. Suppose 0*z - 2*z - 2*y + 47784 = m, -y = 5*z - 119448. Is z composite?
True
Is (1525616 - -2)*(-90)/405*9/(-4) prime?
True
Let r(p) = -p**2 + 5*p + 2. Let m be r(6). Let a be (3 + -4)*(-2 + 6)/m. Let u(w) = 251*w**2. Is u(a) composite?
False
Let n(i) = 5 - 23*i - i**3 + 3 - 18 + 24*i**2 - 13. Is n(21) a composite number?
True
Let j(l) = -36086*l + 3945. Is j(-11) a prime number?
False
Let k = 49 + -48. Let y be (k - 2) + (3 - -4). Suppose -y*t + 690 = -0*t. Is t prime?
False
Let t(v) = -4*v**2 - 2*v + 24. Let b be t(11). Let r = b - -927. Suppose -10*w + 5*w = -r. Is w composite?
False
Let w(b) = 16*b**3 - 4*b**2 - 6*b + 6. Let n = -8 + 13. Let r be w(n). Suppose 0 = -5*z + 2859 + r. Is z a prime number?
True
Let g = 1839 + -854. Let c = 1679 - g. Is c prime?
False
Let y(s) = -9*s - 5 - 10*s - 1056*s**3 + 15*s. Is y(-1) a composite number?
True
Is 36/216*(620328 + -6) composite?
False
Let i = 2103 + -688. Let b = -432 + i. Is b composite?
False
Suppose 98*a - 37329123 = 101*a - 180*a. Is a a composite number?
True
Suppose 4*x + 184 = 6*x. Suppose -5*d = -3*l - x, -4*d - 3*l = -d - 36. Let s = 125 + d. Is s a composite number?
True
Suppose -r = -5*r + 8. Let f be 2*(-2 + -1 + r) - -26617. Is f/30 - (-1)/(-6) a composite number?
False
Suppose -3488 = 3*c + 2*z - 114335, -4*z = 0. Is c composite?
True
Let q(k) = -16*k**2 - 15*k. Let s = 45 + -51. Let j be q(s). Let d = -295 - j. Is d a composite number?
False
Let z(j) be the second derivative of 793*j**4/6 - j**3/3 - j**2/2 - j - 24. Is z(3) composite?
True
Let k = 584114 - 273633. Is k composite?
False
Suppose -2*v = 6 - 46. Suppose v = -5*k - 5, w = 4*k + 3271. Is w prime?
True
Let x be ((-55)/(-3))/(-5) + 6/9. Let v be (2 - -3) + x + (1152 - -4). Is v/8 - ((-6)/(-8) + -1) prime?
False
Let o(z) = 2659*z**2 + 81*z + 159. Is o(-11) composite?
False
Is (12/(-1))/(-3 + 1) - (-31742 - 3) a prime number?
True
Let z be ((-2)/4)/(7/(-392)). Let i = z + -28. Suppose 2*m - 1338 = -2*d, i = m + 4*m. Is d prime?
False
Let a(q) be the second derivative of -3*q**5/20 - q**4/6 - 4*q**3/3 - 2*q**2 + 43*q + 1. Let g = -17 + 10. Is a(g) prime?
True
Let a be (381/2)/((-15)/200). Let w = 13325 + a. Is (w/(-10) + 0)*(-4)/6 a prime number?
True
Let m(c) = 2*c**2 - 38*c - 44. Let s be m(20). Let r(o) = 9*o + 35. Let y be r(s). Is 474/(-24)*(-20 - y - 1) a prime number?
False
Suppose -j + 2*j + 706 = -3*d, 0 = -d + 4*j - 244. Let k = d + -915. Is (2 - 0)*k/(-2) composite?
False
Let r be (-6)/(-15) + (-54)/(-15). Suppose -r*g = -u + 2171, -8613 = -3*u - 2*g - 2072. Is u prime?
True
Suppose 5*m = 2*z - 46111 + 13415, 13090 = -2*m - 5*z. Let v = m - -37825. Is v a prime number?
False
Let v = 1242106 + -795665. Is v a composite number?
False
Let v be (8 + -11)/(4 + -3)*-1. Suppose -14*m = -v*m - 1551. Is m composite?
True
Suppose 968*b - 969*b + 5004593 = 5*j, 4*b = -2*j + 2001830. Is j prime?
True
Let o = 1778482 + -940743. Is o composite?
True
Let a = 78871 + 23910. Is a composite?
True
Let d(l) = -25*l**2 + 2*l - 1. Let b(g) = -g**2 + 6*g + 41. Let k be b(10). Let n be d(k). Is ((-3)/2)/((n/8)/786) a prime number?
False
Suppose 5*c - 5*o - 2577420 = 0, 4*o = 5*c - 509156 - 2068257. Is c prime?
True
Suppose -13*o + 24501 = -22377. Let v be 1/(-4) - (29492/(-16) - 0). Let b = o - v. Is b prime?
False
Let g(i) = 173*i**2 + 35*i - 23. Suppose 2*c - 56 = 4*h, 0*h + 2*c = -h - 14. Is g(h) prime?
False
Is ((-69)/(-12))/(27/1185084) a composite number?
True
Let p(x) = -x + 4. Let a be p(-3). Suppose -a*m + 14012 = -19511. Is m a prime number?
True
Let b be 5*3376/40 + 6. Suppose -9*i + 4091 = b. Is i a c